{"id":1322,"date":"2024-08-07T15:30:44","date_gmt":"2024-08-07T13:30:44","guid":{"rendered":"http:\/\/192.168.56.131\/wordpress\/index.php\/home\/"},"modified":"2025-07-10T13:23:30","modified_gmt":"2025-07-10T11:23:30","slug":"home","status":"publish","type":"page","link":"https:\/\/guarderiaburbujas.com\/","title":{"rendered":"Inicio"},"content":{"rendered":"\n<div class=\"wp-block-uagb-container uagb-block-494c42c4 alignfull uagb-is-root-container\"><div class=\"uagb-container-inner-blocks-wrap\">\n<div class=\"wp-block-uagb-info-box uagb-block-cd2517a4 uagb-infobox__content-wrap  uagb-infobox-icon-above-title uagb-infobox-image-valign-top wp-block-uagb-info-box--has-margin\"><div class=\"uagb-infobox-margin-wrapper\"><div class=\"uagb-ifb-content\"><div class=\"uagb-ifb-title-wrap\"><h1 class=\"uagb-ifb-title-prefix\">Tus hijos en<\/h1><h1 class=\"uagb-ifb-title\">buenas manos<\/h1><\/div><p class=\"uagb-ifb-desc\">El \u00fanico centro preescolar con aforo m\u00e1ximo. Nos esforzamos por una escuela de calidad.<\/p><div class=\"uagb-ifb-button-wrapper wp-block-button\"><a href=\"https:\/\/guarderiaburbujas.com\/?page_id=1328\" class=\"uagb-infobox-cta-link wp-block-button__link\" target=\"_self\" rel=\"noopener noreferrer\" onclick=\"return true;\"><span class=\"uagb-inline-editing\"> Cons\u00faltanos<\/span><\/a><\/div><\/div><\/div><\/div>\n<\/div><\/div>\n\n\n\n<div class=\"wp-block-uagb-container uagb-block-5fcee4f8 alignfull uagb-is-root-container\"><div class=\"uagb-container-inner-blocks-wrap\">\n<div class=\"wp-block-uagb-advanced-heading uagb-block-2b5f3149\"><h2 class=\"uagb-heading-text\">Nuestro Centro<\/h2><div class=\"uagb-separator\"><\/div><\/div>\n\n\n\n<div class=\"wp-block-uagb-container uagb-block-4a8e1942\">\n<div class=\"wp-block-uagb-container uagb-block-c988f562\">\n<div class=\"wp-block-uagb-image alignleft uagb-block-a35d235b wp-block-uagb-image--layout-default wp-block-uagb-image--effect-static wp-block-uagb-image--align-left\"><figure class=\"wp-block-uagb-image__figure\"><img decoding=\"async\" srcset=\"https:\/\/guarderiaburbujas.com\/wp-content\/uploads\/2024\/08\/guarderia3-731x1024.webp ,https:\/\/guarderiaburbujas.com\/wp-content\/uploads\/2024\/08\/guarderia3-scaled.webp 780w, https:\/\/guarderiaburbujas.com\/wp-content\/uploads\/2024\/08\/guarderia3-scaled.webp 360w\" sizes=\"auto, (max-width: 480px) 150px\" src=\"https:\/\/guarderiaburbujas.com\/wp-content\/uploads\/2024\/08\/guarderia3-731x1024.webp\" alt=\"\" class=\"uag-image-2281\" width=\"372\" height=\"464\" title=\"guarderia3\" loading=\"lazy\" role=\"img\"\/><\/figure><\/div>\n\n\n\n<div class=\"wp-block-uagb-advanced-heading uagb-block-b07219d5\"><h3 class=\"uagb-heading-text\">Abierto todo el a\u00f1o<\/h3><p class=\"uagb-desc-text\">Nuestro centro permanece abierto todo el a\u00f1o, incluso en el mes de agosto, para que puedas ocuparte de tus proyectos.<\/p><\/div>\n<\/div>\n\n\n\n<div class=\"wp-block-uagb-container uagb-block-0ad6ff4e\">\n<div class=\"wp-block-uagb-image alignleft uagb-block-930d8e85 wp-block-uagb-image--layout-default wp-block-uagb-image--effect-static wp-block-uagb-image--align-left\"><figure class=\"wp-block-uagb-image__figure\"><img decoding=\"async\" srcset=\"https:\/\/guarderiaburbujas.com\/wp-content\/uploads\/2024\/08\/guarderia1-683x1024.webp ,https:\/\/guarderiaburbujas.com\/wp-content\/uploads\/2024\/08\/guarderia1-scaled.webp 780w, https:\/\/guarderiaburbujas.com\/wp-content\/uploads\/2024\/08\/guarderia1-scaled.webp 360w\" sizes=\"auto, (max-width: 480px) 150px\" src=\"https:\/\/guarderiaburbujas.com\/wp-content\/uploads\/2024\/08\/guarderia1-683x1024.webp\" alt=\"\" class=\"uag-image-2282\" width=\"373\" height=\"464\" title=\"guarderia1\" loading=\"lazy\" role=\"img\"\/><\/figure><\/div>\n\n\n\n<div class=\"wp-block-uagb-advanced-heading uagb-block-3974de5a\"><h3 class=\"uagb-heading-text\">Confianza y Seguridad<\/h3><p class=\"uagb-desc-text\">En nuestra Escuela Infantil ofrecemos a vuestros hijos un entorno confortable y seguro<\/p><\/div>\n<\/div>\n\n\n\n<div class=\"wp-block-uagb-container uagb-block-48a31e6a\">\n<div class=\"wp-block-uagb-image alignleft uagb-block-2675d6b0 wp-block-uagb-image--layout-default wp-block-uagb-image--effect-static wp-block-uagb-image--align-left\"><figure class=\"wp-block-uagb-image__figure\"><img decoding=\"async\" srcset=\"https:\/\/guarderiaburbujas.com\/wp-content\/uploads\/2024\/08\/guarderia5-1024x684.webp ,https:\/\/guarderiaburbujas.com\/wp-content\/uploads\/2024\/08\/guarderia5-scaled.webp 780w, https:\/\/guarderiaburbujas.com\/wp-content\/uploads\/2024\/08\/guarderia5-scaled.webp 360w\" sizes=\"auto, (max-width: 480px) 150px\" src=\"https:\/\/guarderiaburbujas.com\/wp-content\/uploads\/2024\/08\/guarderia5-1024x684.webp\" alt=\"\" class=\"uag-image-2285\" width=\"373\" height=\"464\" title=\"guarderia5\" loading=\"lazy\" role=\"img\"\/><\/figure><\/div>\n\n\n\n<div class=\"wp-block-uagb-advanced-heading uagb-block-8f982c10\"><h3 class=\"uagb-heading-text\">Actividades al aire libre<\/h3><p class=\"uagb-desc-text\">Nuestra escuela cuenta con amplios espacios de recreo acondicionados, dise\u00f1ados para su diversi\u00f3n y aprendizaje.<\/p><\/div>\n<\/div>\n<\/div>\n<\/div><\/div>\n\n\n\n<div class=\"wp-block-uagb-container uagb-block-fb32e4bf alignfull uagb-is-root-container\"><div class=\"uagb-container-inner-blocks-wrap\">\n<div class=\"wp-block-uagb-image aligncenter uagb-block-052b1f4c wp-block-uagb-image--layout-default wp-block-uagb-image--effect-static wp-block-uagb-image--align-center\"><figure class=\"wp-block-uagb-image__figure\"><img decoding=\"async\" srcset=\"https:\/\/guarderiaburbujas.com\/wp-content\/uploads\/2021\/11\/quotes.svg ,https:\/\/guarderiaburbujas.com\/wp-content\/uploads\/2021\/11\/quotes.svg 780w, https:\/\/guarderiaburbujas.com\/wp-content\/uploads\/2021\/11\/quotes.svg 360w\" sizes=\"auto, (max-width: 480px) 150px\" src=\"https:\/\/guarderiaburbujas.com\/wp-content\/uploads\/2021\/11\/quotes.svg\" alt=\"\" class=\"uag-image-117\" width=\"37\" height=\"38\" title=\"quotes\" loading=\"lazy\" role=\"img\"\/><\/figure><\/div>\n\n\n\n<div class=\"wp-block-uagb-info-box uagb-block-54aaf525 uagb-infobox__content-wrap  uagb-infobox-icon-below-title uagb-infobox-image-valign-top\"><div class=\"uagb-ifb-content\"><div class=\"uagb-ifb-title-wrap\"><h4 class=\"uagb-ifb-title\">\u201cMe siento muy tranquila cuando mi beb\u00e9 se queda en la guarde. Gracias!!, porque estamos muy contentos.\u201d<\/h4><\/div><div class=\"uagb-ifb-image-content\"><img decoding=\"async\" src=\"https:\/\/guarderiaburbujas.com\/wp-content\/uploads\/2021\/11\/avatar_on_home.png\" alt=\"\" width=\"50\" height=\"50\" loading=\"lazy\"\/><\/div><p class=\"uagb-ifb-desc\">Aintzane Beltza<\/p><\/div><\/div>\n<\/div><\/div>\n\n\n\n<div class=\"wp-block-uagb-container uagb-layout-grid uagb-block-0186287e alignfull uagb-is-root-container\"><div class=\"uagb-container-inner-blocks-wrap\">\n<div class=\"wp-block-uagb-info-box uagb-block-03550eeb uagb-infobox__content-wrap  uagb-infobox-icon-above-title uagb-infobox-image-valign-top wp-block-uagb-info-box--has-margin\"><div class=\"uagb-infobox-margin-wrapper\"><div class=\"uagb-ifb-content\"><div class=\"uagb-ifb-title-wrap\"><span class=\"uagb-ifb-title-prefix\">sobre nosotros<\/span><h4 class=\"uagb-ifb-title\">Un proyecto avalado por diez a\u00f1os de servicio donde la confianza es esencial.<\/h4><\/div><p class=\"uagb-ifb-desc\">La escuela infantil Peke\u00f1ines lleva una gran trayectoria profesional con m\u00e1s de 10 a\u00f1os de experiencia al cuidado y educaci\u00f3n de ni\u00f1os\/as de 0 a 3 a\u00f1os. Proporcionamos un entorno de confianza y transparencia entre la familia y la escuela.<\/p><div class=\"uagb-ifb-button-wrapper wp-block-button\"><a href=\"https:\/\/guarderiaburbujas.com\/?page_id=1324\" class=\"uagb-infobox-cta-link ast-outline-button\" target=\"_self\" rel=\"noopener noreferrer\" style=\"border-width:revert-layer\" onclick=\"return true;\"><span class=\"uagb-inline-editing\">Inf\u00f3rmate<\/span><\/a><\/div><\/div><\/div><\/div>\n\n\n\n<div class=\"wp-block-uagb-image alignright uagb-block-37933192 wp-block-uagb-image--layout-default wp-block-uagb-image--effect-static wp-block-uagb-image--align-right\"><figure class=\"wp-block-uagb-image__figure\"><img decoding=\"async\" srcset=\"https:\/\/guarderiaburbujas.com\/wp-content\/uploads\/2024\/08\/guarderia2-683x1024.webp ,https:\/\/guarderiaburbujas.com\/wp-content\/uploads\/2024\/08\/guarderia2-scaled.webp 780w, https:\/\/guarderiaburbujas.com\/wp-content\/uploads\/2024\/08\/guarderia2-scaled.webp 360w\" sizes=\"auto, (max-width: 480px) 150px\" src=\"https:\/\/guarderiaburbujas.com\/wp-content\/uploads\/2024\/08\/guarderia2-683x1024.webp\" alt=\"\" class=\"uag-image-2289\" width=\"683\" height=\"1024\" title=\"guarderia2\" loading=\"lazy\" role=\"img\"\/><\/figure><\/div>\n<\/div><\/div>\n\n\n\n<div class=\"wp-block-uagb-container uagb-block-05a4a518 alignfull uagb-is-root-container\"><div class=\"uagb-container-inner-blocks-wrap\">\n<div class=\"wp-block-uagb-info-box uagb-block-9a97965e uagb-infobox__content-wrap  uagb-infobox-icon-above-title uagb-infobox-image-valign-top wp-block-uagb-info-box--has-margin\"><div class=\"uagb-infobox-margin-wrapper\"><div class=\"uagb-ifb-content\"><div class=\"uagb-ifb-title-wrap\"><h1 class=\"uagb-ifb-title\"><strong>PREGUNTAS?<\/strong><br><strong>No te quedes con dudas, contestamos a todas tus preguntas para tu completa tranquilidad<\/strong><\/h1><\/div><div class=\"uagb-ifb-button-wrapper wp-block-button\"><a href=\"https:\/\/guarderiaburbujas.com\/?page_id=1328\" class=\"uagb-infobox-cta-link wp-block-button__link\" target=\"_self\" rel=\"noopener noreferrer\" onclick=\"return true;\"><span class=\"uagb-inline-editing\">Cont\u00e1ctanos<\/span><\/a><\/div><\/div><\/div><\/div>\n<\/div><\/div>\n\n\n\n<p><\/p>\n","protected":false},"excerpt":{"rendered":"<p>Nuestro Centro Abierto todo el a\u00f1o Nuestro centro permanece abierto todo el a\u00f1o, incluso en el mes de agosto, para que puedas ocuparte de tus proyectos. Confianza y Seguridad En nuestra Escuela Infantil ofrecemos a vuestros hijos un entorno confortable y seguro Actividades al aire libre Nuestra escuela cuenta con amplios espacios de recreo acondicionados, [&hellip;]<\/p>\n","protected":false},"author":1,"featured_media":0,"parent":0,"menu_order":0,"comment_status":"closed","ping_status":"closed","template":"","meta":{"_uag_custom_page_level_css":"","site-sidebar-layout":"no-sidebar","site-content-layout":"page-builder","ast-site-content-layout":"full-width-container","site-content-style":"unboxed","site-sidebar-style":"unboxed","ast-global-header-display":"","ast-banner-title-visibility":"","ast-main-header-display":"","ast-hfb-above-header-display":"","ast-hfb-below-header-display":"","ast-hfb-mobile-header-display":"","site-post-title":"disabled","ast-breadcrumbs-content":"","ast-featured-img":"disabled","footer-sml-layout":"","theme-transparent-header-meta":"disabled","adv-header-id-meta":"","stick-header-meta":"","header-above-stick-meta":"","header-main-stick-meta":"","header-below-stick-meta":"","astra-migrate-meta-layouts":"set","ast-page-background-enabled":"default","ast-page-background-meta":{"desktop":{"background-color":"var(--ast-global-color-4)","background-image":"","background-repeat":"repeat","background-position":"center center","background-size":"auto","background-attachment":"scroll","background-type":"","background-media":"","overlay-type":"","overlay-color":"","overlay-opacity":"","overlay-gradient":""},"tablet":{"background-color":"","background-image":"","background-repeat":"repeat","background-position":"center center","background-size":"auto","background-attachment":"scroll","background-type":"","background-media":"","overlay-type":"","overlay-color":"","overlay-opacity":"","overlay-gradient":""},"mobile":{"background-color":"","background-image":"","background-repeat":"repeat","background-position":"center center","background-size":"auto","background-attachment":"scroll","background-type":"","background-media":"","overlay-type":"","overlay-color":"","overlay-opacity":"","overlay-gradient":""}},"ast-content-background-meta":{"desktop":{"background-color":"var(--ast-global-color-5)","background-image":"","background-repeat":"repeat","background-position":"center center","background-size":"auto","background-attachment":"scroll","background-type":"","background-media":"","overlay-type":"","overlay-color":"","overlay-opacity":"","overlay-gradient":""},"tablet":{"background-color":"var(--ast-global-color-5)","background-image":"","background-repeat":"repeat","background-position":"center center","background-size":"auto","background-attachment":"scroll","background-type":"","background-media":"","overlay-type":"","overlay-color":"","overlay-opacity":"","overlay-gradient":""},"mobile":{"background-color":"var(--ast-global-color-5)","background-image":"","background-repeat":"repeat","background-position":"center center","background-size":"auto","background-attachment":"scroll","background-type":"","background-media":"","overlay-type":"","overlay-color":"","overlay-opacity":"","overlay-gradient":""}},"footnotes":""},"class_list":["post-1322","page","type-page","status-publish","hentry"],"uagb_featured_image_src":{"full":false,"thumbnail":false,"medium":false,"medium_large":false,"large":false,"1536x1536":false,"2048x2048":false},"uagb_author_info":{"display_name":"gestorguarderia","author_link":"https:\/\/guarderiaburbujas.com\/?author=1"},"uagb_comment_info":0,"uagb_excerpt":"Nuestro Centro Abierto todo el a\u00f1o Nuestro centro permanece abierto todo el a\u00f1o, incluso en el mes de agosto, para que puedas ocuparte de tus proyectos. Confianza y Seguridad En nuestra Escuela Infantil ofrecemos a vuestros hijos un entorno confortable y seguro Actividades al aire libre Nuestra escuela cuenta con amplios espacios de recreo acondicionados,&hellip;","_links":{"self":[{"href":"https:\/\/guarderiaburbujas.com\/index.php?rest_route=\/wp\/v2\/pages\/1322","targetHints":{"allow":["GET"]}}],"collection":[{"href":"https:\/\/guarderiaburbujas.com\/index.php?rest_route=\/wp\/v2\/pages"}],"about":[{"href":"https:\/\/guarderiaburbujas.com\/index.php?rest_route=\/wp\/v2\/types\/page"}],"author":[{"embeddable":true,"href":"https:\/\/guarderiaburbujas.com\/index.php?rest_route=\/wp\/v2\/users\/1"}],"replies":[{"embeddable":true,"href":"https:\/\/guarderiaburbujas.com\/index.php?rest_route=%2Fwp%2Fv2%2Fcomments&post=1322"}],"version-history":[{"count":23,"href":"https:\/\/guarderiaburbujas.com\/index.php?rest_route=\/wp\/v2\/pages\/1322\/revisions"}],"predecessor-version":[{"id":2339,"href":"https:\/\/guarderiaburbujas.com\/index.php?rest_route=\/wp\/v2\/pages\/1322\/revisions\/2339"}],"wp:attachment":[{"href":"https:\/\/guarderiaburbujas.com\/index.php?rest_route=%2Fwp%2Fv2%2Fmedia&parent=1322"}],"curies":[{"name":"wp","href":"https:\/\/api.w.org\/{rel}","templated":true}]}}