{"id":1326,"date":"2024-08-07T15:30:44","date_gmt":"2024-08-07T13:30:44","guid":{"rendered":"http:\/\/192.168.56.131\/wordpress\/index.php\/services\/"},"modified":"2025-07-10T13:25:37","modified_gmt":"2025-07-10T11:25:37","slug":"preescolar","status":"publish","type":"page","link":"https:\/\/guarderiaburbujas.com\/?page_id=1326","title":{"rendered":"Preescolar"},"content":{"rendered":"\n<div class=\"wp-block-uagb-container uagb-block-ae0bc409 alignfull uagb-is-root-container\"><div class=\"uagb-container-inner-blocks-wrap\">\n<div class=\"wp-block-uagb-advanced-heading uagb-block-8a1eebc0\"><h1 class=\"uagb-heading-text\">La Escuela<\/h1><\/div>\n<\/div><\/div>\n\n\n\n<div class=\"wp-block-uagb-container uagb-block-6999b479 alignfull uagb-is-root-container\"><div class=\"uagb-container-inner-blocks-wrap\">\n<div class=\"wp-block-uagb-container uagb-block-788ba4c8\">\n<div class=\"wp-block-uagb-image alignright uagb-block-f790ce5a wp-block-uagb-image--layout-default wp-block-uagb-image--effect-static wp-block-uagb-image--align-right\"><figure class=\"wp-block-uagb-image__figure\"><img decoding=\"async\" srcset=\"https:\/\/guarderiaburbujas.com\/wp-content\/uploads\/2024\/08\/nino-1024x678.webp ,https:\/\/guarderiaburbujas.com\/wp-content\/uploads\/2024\/08\/nino-scaled.webp 780w, https:\/\/guarderiaburbujas.com\/wp-content\/uploads\/2024\/08\/nino-scaled.webp 360w\" sizes=\"auto, (max-width: 480px) 150px\" src=\"https:\/\/guarderiaburbujas.com\/wp-content\/uploads\/2024\/08\/nino-1024x678.webp\" alt=\"\" class=\"uag-image-2299\" width=\"1024\" height=\"678\" title=\"ni\u00f1o\" loading=\"lazy\" role=\"img\"\/><\/figure><\/div>\n<\/div>\n\n\n\n<div class=\"wp-block-uagb-container uagb-block-55f27f39\">\n<div class=\"wp-block-uagb-info-box uagb-block-309bf170 uagb-infobox__content-wrap  uagb-infobox-icon-above-title uagb-infobox-image-valign-top wp-block-uagb-info-box--has-margin\"><div class=\"uagb-infobox-margin-wrapper\"><div class=\"uagb-ifb-content\"><div class=\"uagb-ifb-title-wrap\"><h4 class=\"uagb-ifb-title-prefix\">Horario<\/h4><p class=\"uagb-ifb-title\">La Escuela Infantil Peke\u00f1ines abre sus puertas a las 7:15 de la ma\u00f1ana y permanece abierta de manera continua hasta las 18:00 de la tarde, de lunes a viernes. La entrada de los ni\u00f1os se realiza hasta las 10:00 de la ma\u00f1ana, y la salida es libre, a elecci\u00f3n de las familias seg\u00fan sus necesidades. A partir de las 18:00, la estancia de los ni\u00f1os se considera como hora extra, para la cual se debe avisar con una semana de antelaci\u00f3n para la correcta organizaci\u00f3n del personal docente. La Escuela Infantil Peke\u00f1ines permanece abierta todo el a\u00f1o, incluida la segunda quincena de agosto.<\/p><\/div><\/div><\/div><\/div>\n<\/div>\n<\/div><\/div>\n\n\n\n<div class=\"wp-block-uagb-container uagb-block-a1c5c5cb alignfull uagb-is-root-container\"><div class=\"uagb-container-inner-blocks-wrap\">\n<div class=\"wp-block-uagb-container uagb-block-ffd0d737\">\n<div class=\"wp-block-uagb-image alignright uagb-block-f2a72ff6 wp-block-uagb-image--layout-default wp-block-uagb-image--effect-static wp-block-uagb-image--align-right\"><figure class=\"wp-block-uagb-image__figure\"><img decoding=\"async\" srcset=\"https:\/\/guarderiaburbujas.com\/wp-content\/uploads\/2024\/08\/educador-1024x684.jpg ,https:\/\/guarderiaburbujas.com\/wp-content\/uploads\/2024\/08\/educador-scaled.jpg 780w, https:\/\/guarderiaburbujas.com\/wp-content\/uploads\/2024\/08\/educador-scaled.jpg 360w\" sizes=\"auto, (max-width: 480px) 150px\" src=\"https:\/\/guarderiaburbujas.com\/wp-content\/uploads\/2024\/08\/educador-1024x684.jpg\" alt=\"\" class=\"uag-image-2274\" width=\"1024\" height=\"684\" title=\"educador\" loading=\"lazy\" role=\"img\"\/><\/figure><\/div>\n<\/div>\n\n\n\n<div class=\"wp-block-uagb-container uagb-block-16d72286\">\n<div class=\"wp-block-uagb-info-box uagb-block-3f27e1af uagb-infobox__content-wrap  uagb-infobox-icon-above-title uagb-infobox-image-valign-top\"><div class=\"uagb-ifb-content\"><div class=\"uagb-ifb-title-wrap\"><h4 class=\"uagb-ifb-title-prefix\">Servicio de Comedor<\/h4><p class=\"uagb-ifb-title\">En la Escuela Infantil Peke\u00f1ines ofrecemos servicio de comedor. Las familias pueden traer comida casera o contratar el servicio de catering, con men\u00fas adaptados a cada edad y dise\u00f1ados por dietistas especializados. Para las madres que deseen continuar con la lactancia materna, aceptamos leche materna, siempre que est\u00e9 debidamente conservada, para alimentar a los beb\u00e9s.<\/p><\/div><\/div><\/div>\n<\/div>\n<\/div><\/div>\n\n\n\n<div class=\"wp-block-uagb-container uagb-block-d93bf905 alignfull uagb-is-root-container\"><div class=\"uagb-container-inner-blocks-wrap\">\n<div class=\"wp-block-uagb-container uagb-block-63b34e8a\"><\/div>\n<\/div><\/div>\n","protected":false},"excerpt":{"rendered":"<p>La Escuela<\/p>\n","protected":false},"author":1,"featured_media":0,"parent":0,"menu_order":0,"comment_status":"closed","ping_status":"closed","template":"","meta":{"_uag_custom_page_level_css":"","site-sidebar-layout":"no-sidebar","site-content-layout":"page-builder","ast-site-content-layout":"full-width-container","site-content-style":"unboxed","site-sidebar-style":"unboxed","ast-global-header-display":"","ast-banner-title-visibility":"","ast-main-header-display":"","ast-hfb-above-header-display":"","ast-hfb-below-header-display":"","ast-hfb-mobile-header-display":"","site-post-title":"disabled","ast-breadcrumbs-content":"","ast-featured-img":"disabled","footer-sml-layout":"","theme-transparent-header-meta":"disabled","adv-header-id-meta":"","stick-header-meta":"","header-above-stick-meta":"","header-main-stick-meta":"","header-below-stick-meta":"","astra-migrate-meta-layouts":"set","ast-page-background-enabled":"default","ast-page-background-meta":{"desktop":{"background-color":"var(--ast-global-color-4)","background-image":"","background-repeat":"repeat","background-position":"center center","background-size":"auto","background-attachment":"scroll","background-type":"","background-media":"","overlay-type":"","overlay-color":"","overlay-opacity":"","overlay-gradient":""},"tablet":{"background-color":"","background-image":"","background-repeat":"repeat","background-position":"center center","background-size":"auto","background-attachment":"scroll","background-type":"","background-media":"","overlay-type":"","overlay-color":"","overlay-opacity":"","overlay-gradient":""},"mobile":{"background-color":"","background-image":"","background-repeat":"repeat","background-position":"center center","background-size":"auto","background-attachment":"scroll","background-type":"","background-media":"","overlay-type":"","overlay-color":"","overlay-opacity":"","overlay-gradient":""}},"ast-content-background-meta":{"desktop":{"background-color":"var(--ast-global-color-5)","background-image":"","background-repeat":"repeat","background-position":"center center","background-size":"auto","background-attachment":"scroll","background-type":"","background-media":"","overlay-type":"","overlay-color":"","overlay-opacity":"","overlay-gradient":""},"tablet":{"background-color":"var(--ast-global-color-5)","background-image":"","background-repeat":"repeat","background-position":"center center","background-size":"auto","background-attachment":"scroll","background-type":"","background-media":"","overlay-type":"","overlay-color":"","overlay-opacity":"","overlay-gradient":""},"mobile":{"background-color":"var(--ast-global-color-5)","background-image":"","background-repeat":"repeat","background-position":"center center","background-size":"auto","background-attachment":"scroll","background-type":"","background-media":"","overlay-type":"","overlay-color":"","overlay-opacity":"","overlay-gradient":""}},"footnotes":""},"class_list":["post-1326","page","type-page","status-publish","hentry"],"uagb_featured_image_src":{"full":false,"thumbnail":false,"medium":false,"medium_large":false,"large":false,"1536x1536":false,"2048x2048":false},"uagb_author_info":{"display_name":"gestorguarderia","author_link":"https:\/\/guarderiaburbujas.com\/?author=1"},"uagb_comment_info":0,"uagb_excerpt":"La Escuela","_links":{"self":[{"href":"https:\/\/guarderiaburbujas.com\/index.php?rest_route=\/wp\/v2\/pages\/1326","targetHints":{"allow":["GET"]}}],"collection":[{"href":"https:\/\/guarderiaburbujas.com\/index.php?rest_route=\/wp\/v2\/pages"}],"about":[{"href":"https:\/\/guarderiaburbujas.com\/index.php?rest_route=\/wp\/v2\/types\/page"}],"author":[{"embeddable":true,"href":"https:\/\/guarderiaburbujas.com\/index.php?rest_route=\/wp\/v2\/users\/1"}],"replies":[{"embeddable":true,"href":"https:\/\/guarderiaburbujas.com\/index.php?rest_route=%2Fwp%2Fv2%2Fcomments&post=1326"}],"version-history":[{"count":10,"href":"https:\/\/guarderiaburbujas.com\/index.php?rest_route=\/wp\/v2\/pages\/1326\/revisions"}],"predecessor-version":[{"id":2341,"href":"https:\/\/guarderiaburbujas.com\/index.php?rest_route=\/wp\/v2\/pages\/1326\/revisions\/2341"}],"wp:attachment":[{"href":"https:\/\/guarderiaburbujas.com\/index.php?rest_route=%2Fwp%2Fv2%2Fmedia&parent=1326"}],"curies":[{"name":"wp","href":"https:\/\/api.w.org\/{rel}","templated":true}]}}